divide 7902368?
False
Is 3189 a factor of 993344799?
True
Is 14 a factor of 63283362?
False
Does 1110 divide 140809050?
True
Is 4471194 a multiple of 32?
False
Is 4 a factor of 76345?
False
Is 52 a factor of 121153549?
False
Is 4 a factor of 556143?
False
Does 19 divide 124354312?
False
Does 33 divide 434035212?
False
Is 741 a factor of 1057010565?
True
Does 13 divide 1868985599?
True
Is 4685 a factor of 13483430?
True
Is 11 a factor of 66310683?
False
Does 602 divide 2407000078?
True
Does 1062 divide 42823026?
True
Is 226422466 a multiple of 1696?
False
Is 37 a factor of 866149798?
True
Is 2044 a factor of 50354331?
False
Is 47 a factor of 554805108?
True
Does 1531 divide 74519636?
False
Does 23 divide 4122400?
False
Is 36763246 a multiple of 4729?
True
Is 331987866 a multiple of 2703?
True
Does 10 divide 18490960?
True
Is 12 a factor of 4259532?
True
Is 287986300 a multiple of 35?
True
Does 51 divide 363433459?
False
Does 23 divide 17570756?
False
Is 10285000 a multiple of 1000?
True
Is 22 a factor of 82462196?
False
Is 37739086 a multiple of 1822?
True
Is 534 a factor of 88322178?
False
Does 49 divide 154101129?
True
Is 108318769 a multiple of 12?
False
Is 128 a factor of 43248128?
True
Is 12 a factor of 1334919157?
False
Is 41 a factor of 867165811?
False
Does 23 divide 84075189?
True
Is 4 a factor of 100830352?
True
Does 147 divide 48920903?
False
Is 152 a factor of 268009121?
False
Is 2441511713 a multiple of 12?
False
Does 28 divide 239731744?
True
Is 62 a factor of 15687350?
False
Is 8572 a factor of 714579824?
False
Is 112 a factor of 4974368?
True
Is 471385981 a multiple of 457?
False
Is 44 a factor of 15384870?
False
Is 9407287 a multiple of 2?
False
Is 32686160 a multiple of 74?
False
Is 9059059210 a multiple of 3218?
False
Is 250278004 a multiple of 1098?
False
Is 211413989 a multiple of 8?
False
Is 35777080 a multiple of 16?
False
Is 36009446 a multiple of 17?
False
Does 70 divide 171657434?
False
Is 61088496 a multiple of 16?
True
Does 26 divide 7643090?
True
Is 27 a factor of 860021818?
False
Does 75 divide 1912442175?
True
Is 213 a factor of 3443917?
False
Is 393 a factor of 15011499?
False
Does 3452 divide 179234744?
True
Does 259 divide 2725608422?
False
Does 1362 divide 12193986?
True
Is 149 a factor of 36954531?
False
Is 8609 a factor of 988920162?
False
Is 201617452 a multiple of 13?
False
Is 149859520 a multiple of 16?
True
Is 10401148 a multiple of 6?
False
Is 778096057 a multiple of 2824?
False
Is 26775010 a multiple of 10?
True
Is 16 a factor of 884611824?
True
Is 19 a factor of 4275836?
True
Is 3928679 a multiple of 4?
False
Is 1017161099 a multiple of 31?
False
Is 3715 a factor of 279081945?
True
Is 18589951 a multiple of 31?
False
Is 864 a factor of 97957182?
False
Is 15351966 a multiple of 14?
True
Is 7339 a factor of 998265813?
False
Is 6 a factor of 904476032?
False
Does 6054 divide 262079339?
False
Does 236 divide 47615920?
False
Is 39293826 a multiple of 1631?
False
Does 13 divide 930540611?
True
Is 132 a factor of 97057763?
False
Is 15774258 a multiple of 103?
False
Is 46633824 a multiple of 18?
True
Does 230 divide 2661921?
False
Is 29499413 a multiple of 502?
False
Is 19 a factor of 11871371?
True
Does 680 divide 81258031?
False
Is 378408176 a multiple of 23?
False
Is 1499142 a multiple of 11?
False
Is 79 a factor of 850796667?
False
Is 15978411 a multiple of 102?
False
Is 200 a factor of 369256721?
False
Is 2724050 a multiple of 4?
False
Is 10808 a factor of 3221324400?
True
Is 96 a factor of 2742289?
False
Is 335 a factor of 929468641?
False
Is 11 a factor of 64234684?
False
Is 177609727 a multiple of 564?
False
Is 4529665410 a multiple of 7198?
True
Is 145585465 a multiple of 9?
False
Is 327589392 a multiple of 24?
True
Is 23434288 a multiple of 257?
True
Does 27 divide 450458577?
True
Does 3116 divide 483256513?
False
Does 12 divide 25910112?
True
Is 338037045 a multiple of 2942?
False
Does 9 divide 107196952?
False
Does 5327 divide 1783982690?
False
Is 45 a factor of 65500965?
True
Is 23 a factor of 324507297?
False
Does 2530 divide 55246597?
False
Is 254 a factor of 165437?
False
Is 1884919514 a multiple of 6580?
False
Does 39 divide 1538726826?
True
Does 2208 divide 101317181?
False
Is 810972948 a multiple of 492?
True
Is 54 a factor of 42037586?
False
Does 103 divide 1365432272?
True
Is 10063 a factor of 548419591?
False
Does 1035 divide 28746179?
False
Does 11817 divide 566659703?
False
Is 4086228 even?
True
Is 8 a factor of 219181280?
True
Does 945 divide 1309113225?
True
Does 334 divide 23310862?
True
Is 6882911 a multiple of 264?
False
Does 6470 divide 1325864750?
True
Is 40 a factor of 94687880?
True
Does 13 divide 505278511?
False
Is 5395 a factor of 2642985356?
False
Is 489 a factor of 88827339?
True
Does 615 divide 88452561?
False
Is 2163139880 a multiple of 109?
True
Is 3 a factor of 37370517?
True
Does 635 divide 4689087?
False
Does 73 divide 19292472?
False
Is 6031 a factor of 1685326764?
True
Is 4805521 a multiple of 382?
False
Is 2266 a factor of 32752764?
True
Is 16859032 a multiple of 599?
False
Does 81 divide 9111706?
False
Is 69 a factor of 640849696?
False
Does 54 divide 1230224436?
True
Does 47 divide 119223950?
False
Is 2869032468 a multiple of 12?
True
Is 459763829 a multiple of 1393?
True
Is 323 a factor of 7130746?
False
Is 66 a factor of 1987624?
False
Is 42857276 a multiple of 3817?
True
Is 39104156 a multiple of 196?
True
Is 4 a factor of 29406320?
True
Does 811 divide 8932354?
True
Does 42 divide 4276650?
True
Does 15 divide 767980560?
True
Is 16 a factor of 22125911?
False
Does 598 divide 4155502?
True
Is 847303864 a multiple of 69?
False
Is 2 a factor of 2782628?
True
Does 93 divide 6160506?
True
Does 1750 divide 37360750?
True
Is 141 a factor of 4439790?
False
Does 521 divide 38111671?
True
Is 1942192278 a multiple of 98?
False
Is 1533031644 a multiple of 7809?
True
Is 6334310 a multiple of 167?
True
Does 22 divide 3706469991?
False
Is 5371 a factor of 1551443801?
False
Is 23999818 a multiple of 416?
False
Does 473 divide 6103601460?
True
Does 3 divide 13234935?
True
Is 47851175 a multiple of 85?
True
Is 205943111 a multiple of 13?
False
Is 31577298 a multiple of 18?
False
Does 1638 divide 50019606?
True
Is 1973754 a multiple of 33?
False
Is 16 a factor of 368293872?
True
Does 3197 divide 89535182?
True
Is 23 a factor of 2548149116?
True
Is 420518573 a multiple of 959?
False
Is 49577079 a multiple of 13?
False
Does 2287 divide 1168684444?
True
Is 234504000 a multiple of 288?
True
Does 64 divide 4804734?
False
Is 5020 a factor of 266888300?
True
Is 15 a factor of 813367140?
True
Is 114 a factor of 13633110?
False
Is 11 a factor of 635187476?
True
Does 3 divide 109313914?
False
Is 2535 a factor of 1979946540?
True
Does 24 divide 6090960?
True
Is 313021689 a multiple of 748?
False
Is 16 a factor of 8107269?
False
Does 26 divide 365301156?
False
Is 13 a factor of 111734922?
True
Is 52631995 a multiple of 95?
True
Is 4987 a factor of 163448557?
False
Is 861 a factor of 21944715?
False
Is 62 a factor of 29277206?
True
Is 28457578 a multiple of 10?
False
Is 11 a factor of 139973130?
True
Is 428975316 a multiple of 36?
True
Is 60330713 a multiple of 87?
False
Is 2187911088 a multiple of 36?
True
Does 152 divide 33729560?
True
Does 107 divide 3697171?
True
Is 8 a factor of 9174048?
True
Is 24155499 a multiple of 859?
False
Is 5563693914 a multiple of 13?
False
Does 44 divide 50434956?
True
Is 11836588 a multiple of 6?
False
Does 2 divide 1008482?
True
Does 3055 divide 141342630?
True
Does 200 divide 387752200?
True
Is 130804689 a multiple of 163?
False
Does 5089 divide 41192320?
False
Is 145 a factor of 664278302?
False
Does 55 divide 316926610?
True
Is 152406176 a multiple of 32?
True
Does 15 divide 650359689?
False
Is 13786992 a multiple of 8?
True
Is 8 a factor of 122088?
True
Is 12 a factor of 52810549?
False
Is 862 a factor of 71905847?
False
Does 4 divide 35409?
False
Is 1283567115 a multiple of 123?
True
Does 20 divide 438312240?
True
Is 190 a factor of 86621570?
True
Is 2590 a factor of 121188690?
True
Does 8 divide 527009396?
False
Does 3535 divide 2071199455?
False
Is 4 a factor of 15196380?
True
Does 290 divide 3725939?
False
Is 3176394 a multiple of 81?
False
Is